ors of (-9)/((-54)/8)*174?
2, 29
Let x = 7 + -5. Let n be 5/4 + x/(-8). Let b(i) = 6*i. What are the prime factors of b(n)?
2, 3
Let i(m) = -m**3 - 10*m**2 - 11*m + 1. Let x(l) = l - 11. Let q be x(12). Suppose 4*n = -j - q, -3*n + 5 + 1 = 0. What are the prime factors of i(j)?
19
Suppose -4*s = 25 - 53. List the prime factors of 12/42 + 96/s.
2, 7
Suppose 0*i = 3*i - 6. Suppose -2*o = i - 26. What are the prime factors of o?
2, 3
Let l = -22 - -25. Suppose 20 = 5*j, -l*j + 64 = 3*n + j. List the prime factors of n.
2
List the prime factors of 29 + 6/(2 - -1).
31
Suppose -2*o + o - 16 = -3*l, 5*o - 11 = 2*l. Let h = 22 - l. Suppose -t = 4*t - h. List the prime factors of t.
3
Suppose -7*b + 4*b + 12 = 0. List the prime factors of b.
2
Let u = -2 + 32. List the prime factors of u.
2, 3, 5
Let a = -1 + 5. Let l(m) = m**2 - 2*m - 1. Let t be l(-4). Suppose t = a*h - 9. List the prime factors of h.
2
Let h(z) = z**3 - 8*z**2 - 4*z - 2. What are the prime factors of h(9)?
43
Suppose b = 4, -4*u = -3*b + 7*b + 8. Let s(o) = o**2 + 5*o - 4. What are the prime factors of s(u)?
2
Suppose 0*u - 5*u + 30 = 0. Let g = 2 + u. What are the prime factors of g?
2
Suppose 8*i - 3*i + 2*t - 29 = 0, -t - 3 = -i. Suppose -2*w - 3*w + 165 = -i*u, 5*w + 5*u = 155. What are the prime factors of w?
2
Let k(f) = 35*f**3 + f**2 - f. List the prime factors of k(1).
5, 7
Let l(q) = q**3 - q**2 + q - 3. Let m(t) = 2*t**3 - 3*t**2 + t - 7. Let x(p) = 7*l(p) - 4*m(p). List the prime factors of x(5).
2, 11
Let z(c) = -5*c - 3. Let q be z(-4). Let b = q + -9. What are the prime factors of b?
2
Let n(h) be the third derivative of -h**5/60 - 3*h**4/8 - 3*h**3/2 + 3*h**2. What are the prime factors of n(-7)?
5
Let f = -367 + 244. What are the prime factors of (-3)/18*f*2?
41
Suppose 2251 = -13*u + 6762. List the prime factors of u.
347
Let b(i) = i**2 - 3*i - 3. Let u be b(-4). Suppose y + u = -4*y, -36 = -c + 5*y. What are the prime factors of c?
11
Let n be (-3)/(-12) + 14/8. Let t(x) = 5 + 3*x**2 + 13 - 3*x**2 - x**n + x. What are the prime factors of t(0)?
2, 3
Suppose 0 = w - 4*s + 13, -6*s + 3*s = -4*w. What are the prime factors of w?
3
Suppose 0 = 2*k - 0*k - 8. Suppose -4*b + k*w + 37 = -51, -4*w = 5*b - 83. What are the prime factors of b?
19
Suppose -f = 2*f - 27. Suppose -4*t - 200 = -f*t. List the prime factors of t.
2, 5
Suppose -h = h - 4. Suppose -27 = 5*d - 4*y, -h*d - 2*y - 2*y + 6 = 0. List the prime factors of -2 + 12 + 1 + d.
2
Suppose 5*y + 0*y = -3*f + 9, 0 = 5*f + 5*y - 15. Suppose -5*b = x - 47, -f*x - 34 = -4*b - 4. List the prime factors of b.
3
Let r(j) = 4*j + 10. What are the prime factors of r(13)?
2, 31
Let n(g) = 34*g - 20. List the prime factors of n(5).
2, 3, 5
Let h(g) = 109*g**2 + 3*g - 3. List the prime factors of h(1).
109
Suppose 4*n + 1 = p, 19 - 6 = -4*n - 3*p. Let o be n + 8/(-6)*-3. Suppose 0 = -c + m + 7, 4*m + 5 = -o. What are the prime factors of c?
5
Suppose -3*z - 3*j + 0*j + 9 = 0, -j = -3. Let h be 10/3*(-3 + z). Let q = h + 20. List the prime factors of q.
2, 5
Let k(i) = i**3 + i**2 - 5*i + 3. Let x be k(3). Let v = -5 + x. What are the prime factors of v?
19
Let b(c) = c**2 + 45. Let t be b(0). Suppose 0 = 3*y - 5*p - 82, -5*y + p + 55 + t = 0. List the prime factors of y.
19
Let n(v) = v**2 + 9*v - 3. Let q be n(-11). Let l = q + -1. What are the prime factors of l?
2, 3
Suppose 0 = -7*y + 4*y + 5*f + 86, 0 = -2*y + 5*f + 64. What are the prime factors of y?
2, 11
List the prime factors of (-14)/21 - (662/(-3) + 0).
2, 5, 11
Let z = -12 + 19. Let h = z - -17. List the prime factors of h.
2, 3
Let j be 2 - (4/2 + -1). Let a(h) = -4*h. Let y be a(j). Let l = y - -15. What are the prime factors of l?
11
Let g(c) = 2*c - 7. Let b be g(6). Suppose -6*k - 2*j + 26 = -4*k, -5*j = -2*k + b. What are the prime factors of k?
2, 5
List the prime factors of 4/(0 - -4)*31.
31
Suppose -97 + 682 = 9*t. List the prime factors of t.
5, 13
Suppose f - 5*t = 4*f - 125, 2*f + 3*t = 84. List the prime factors of f.
3, 5
Suppose -4*z - 925 = -5*h, -3*h + 4*z = z - 552. List the prime factors of h.
3, 7
Suppose -3*k = -1 - 14, 334 = 4*h + 2*k. Suppose -59 - h = -5*o. Let m = o + -14. List the prime factors of m.
2, 7
Let f be ((9/3)/(-3))/(-1). What are the prime factors of (f - 2)*1 - -4?
3
Let h = -39 + 55. What are the prime factors of h?
2
Let r = -3 - -5. Suppose 2*h + 4*v - 46 = 0, 4*h - 5*v = r*h + 10. What are the prime factors of h?
3, 5
Let x(v) = -2*v. Let o be x(3). List the prime factors of (-1 - 2)*46/o.
23
Suppose -31 = 3*u - 1. Let w = -8 - u. List the prime factors of w.
2
Let b = -43 - -66. Let v(r) = -2*r**2 + 2*r - 3. Let n be v(3). Let x = b + n. What are the prime factors of x?
2
Suppose -6*i = -101 - 379. List the prime factors of i.
2, 5
Suppose 0 = -11*o + 6*o + 965. List the prime factors of o.
193
Suppose -5*v - 4*a + 248 = 0, 0*v = -2*v + 5*a + 119. Suppose -4*i + i + 5*r + 65 = 0, 2*r - v = -4*i. What are the prime factors of i?
3, 5
Let v = 14 - 11. Suppose 0 = -2*h + 8, -3*x + 4*x + 3 = 2*h. Suppose v*o = b + 12, x*b - 13 = -4*o + 3. List the prime factors of o.
2
Let f be -3*(1 + -6 - -1). Suppose -7*n - 220 = -f*n. What are the prime factors of n?
2, 11
Let f(v) = v**2 + 6*v - 1. What are the prime factors of f(-8)?
3, 5
Let s = -45 + 154. What are the prime factors of s?
109
Let m(z) = z**2 + 6*z + 4. Let v be m(-6). Suppose 0 = 7*o - v*o - 204. Suppose -5*i - 4*g + 22 = -o, 4*i = -g + 83. List the prime factors of i.
2, 11
Let i(o) = -o**2 - 5*o + 6. Let f be 2/4 + 22/(-4). Let k(x) = -x**2 - 5*x - 5. Let t be k(f). What are the prime factors of i(t)?
2, 3
Suppose r = -4*u - 4*r + 174, u + 4*r = 49. What are the prime factors of u?
41
Let s(v) = -v**2 - 25*v + 21. List the prime factors of s(-18).
3, 7
Suppose -2*u = 3*u - 285. What are the prime factors of u?
3, 19
Suppose i - 112 = -v, 2*v = -2*i - 2*i + 224. List the prime factors of v.
2, 7
Suppose -4*n + 11 = -5*y - 12, 4*n - 2*y - 26 = 0. Let k(f) = f**2 - 8*f + 9. Let m be k(n). Suppose 5*i = m*i + 45. List the prime factors of i.
3, 5
Suppose -71 = -5*o - 2*w, 0*o + 4*w = 5*o - 53. What are the prime factors of o/(0 - (-1)/4)?
2, 13
Let o(c) = -c**3 - c**2 + 1. Let a be o(-2). Let u = a + 47. Suppose 0 = 2*b - t - 12, 5*b + 4*t = t + u. What are the prime factors of b?
2
Suppose 0 = 2*h + c - 2 + 3, -4*c - 4 = -2*h. Let d = h + 14. List the prime factors of d.
2, 7
Let r be 1 + -3 + 7 + -2. Suppose -7 = 3*v + 2*o, r*o + o = v - 7. List the prime factors of v*2 + 48/3.
2, 7
Suppose -t = -4*x - 51, x - 31 = -4*t + 3*t. What are the prime factors of t?
5, 7
Suppose 2*p - 5*x = 28 + 21, 4*p - 3*x - 105 = 0. Let a = -17 + p. List the prime factors of a.
2, 5
Let h = 43 + 18. Suppose 21 = -4*g + h. List the prime factors of g.
2, 5
Let s = 13 + -3. What are the prime factors of s?
2, 5
Suppose 1 = y + 30. Let t = y + 73. Suppose 0*x + t = 2*x. List the prime factors of x.
2, 11
Suppose 3*d - 15 = -0*d. Let j be ((-4)/d)/(2/10). List the prime factors of 4/(2/(-36)*j).
2, 3
Suppose 4*w = -2*a + 60, -3*a - 135 = -6*a + 3*w. List the prime factors of a.
2, 5
Let b(c) = c**2 - 6*c + 6. Let x be b(5). What are the prime factors of (4 - x) + 42 - -2?
47
Let a be 6 - (0 - 2)*-1. Suppose a*o = 3*o + 19. Let v = 30 - o. What are the prime factors of v?
11
Let r(l) = l**3 - 6*l**2 + 7*l - 3. Let g be r(5). Let m = 1 + g. List the prime factors of m.
2
Suppose 5*o + 9 - 19 = 0. Suppose o*s - 27 = 9. What are the prime factors of s?
2, 3
Let x = -29 + 64. Let t = 58 - x. List the prime factors of t/4 - (-4)/16.
2, 3
What are the prime factors of 12/(9/((-162)/(-4)))?
2, 3
Let b(a) = a - 5. Let s be b(9). List the prime factors of 7 + s + (-3 - 0).
2
Let d = 11 - 3. Suppose 7*b + 11 = d*b. What are the prime factors of b?
11
Let x = -60 - -172. What are the prime factors of x?
2, 7
Let b(t) = t**3 - 5*t**2 - 5*t - 6. Let l be b(6). Suppose l = -5*h + 44 + 41. List the prime factors of h.
17
Suppose -3*u = -16 + 1. Suppose 2*h = u*a + 55, a - 42 - 31 = -2*h. What are the prime factors of h?
5, 7
Suppose -z + 28 = 4*r - 4, 4*r + 3*z - 24 = 0. What are the prime factors of r?
3
Let t = -2 + 4. Suppose t*i = 4*i. Let v(a) = a**2 + 4. List the prime factors of v(i).
2
Let k